{"id":1052,"date":"2020-03-20T16:15:16","date_gmt":"2020-03-20T19:15:16","guid":{"rendered":"http:\/\/fortflex.com.br\/loja\/?page_id=1052"},"modified":"2020-11-11T14:15:52","modified_gmt":"2020-11-11T17:15:52","slug":"politica-de-privacidade","status":"publish","type":"page","link":"https:\/\/fortflex.com.br\/loja\/politica-de-privacidade\/","title":{"rendered":"POL\u00cdTICA DE PRIVACIDADE"},"content":{"rendered":"<h3><strong>AMBIENTE SEGURO<\/strong><\/h3>\n<div>Nossa loja VIRTUAL \u00e9 hospedada nos servidores da <strong>AG\u00caNCIA PAGES<\/strong>.<\/div>\n<div>\u00a0<\/div>\n<div>Desde a p\u00e1gina inicial da nossa loja sua conex\u00e3o \u00e9 100% segura.<\/div>\n<h3><strong>SUAS INFORMA\u00c7\u00d5ES PESSOAIS<\/strong><\/h3>\n<div>Devido o protocolo SSL (Secure Sockets Layer) todas as suas informa\u00e7\u00f5es s\u00e3o criptografas impedindo qualquer tipo de compartilhamento dos seus dados pessoais ou qualquer altera\u00e7\u00e3o dos dados inseridos em nossa loja durante todo o processo de compra.<\/div>\n<div>\u00a0<\/div>\n<div>Por este motivo, todas as suas informa\u00e7\u00f5es pessoas est\u00e3o absolutamente seguras no ambiente de nossa Loja Virtual.<\/div>\n<h3><strong>MEIOS DE PAGAMENTO<\/strong><\/h3>\n<div>Nossos meios de pagamento s\u00e3o processados dentro da pr\u00f3pria Loja <strong>FORTFLEX.COM.BR<\/strong>. Em nenhum momento de sua compra voc\u00ea ser\u00e1 direcionado para outro site.<\/div>\n<div>\u00a0<\/div>\n<div>Utilizamos como intermedi\u00e1rio de pagamento o <strong>PAGSEGURO<\/strong>, uma empresa do Grupo UOL e um dos mais confi\u00e1veis no Brasil. Al\u00e9m disso, o <strong>PAGSEGURO<\/strong> garante transpar\u00eancia completa entre voc\u00ea e a <strong>FORTFLEX.COM.BR<\/strong>.<\/div>\n<div>\u00a0<\/div>\n<div>Suas informa\u00e7\u00f5es do cart\u00e3o de cr\u00e9dito est\u00e3o em completa seguran\u00e7a e garantida por protocolos SSL do <strong>PAGSEGURO<\/strong>.<\/div>\n<div>\u00a0<\/div>\n<div>Em nenhum momento e em nenhuma possibilidade a <strong>FORTFLEX.COM.BR<\/strong> ou <strong>PAGSEGURO<\/strong> t\u00eam acesso \u00e0s suas informa\u00e7\u00f5es do cart\u00e3o cr\u00e9dito. Os dados s\u00e3o transmitidos criptografados em nossa loja virtual e a sua institui\u00e7\u00e3o financeira.<\/div>\n<h3><strong>QUAIS DAS SUAS INFORMA\u00c7\u00d5ES TEMOS ACESSO?<\/strong><\/h3>\n<div>Temos acesso somente \u00e0s informa\u00e7\u00f5es indispens\u00e1veis para faturamento e envio dos produtos. S\u00e3o elas: nome, e-mail e endere\u00e7o.<\/div>\n<div>\u00a0<\/div>\n<div>Essas informa\u00e7\u00f5es est\u00e3o armazenadas nos servidores da nossa loja virtual. Em nenhum momento existe o risco de exposi\u00e7\u00e3o das suas informa\u00e7\u00f5es.<\/div>\n<div>\u00a0<\/div>\n<div>Al\u00e9m disso, n\u00e3o compartilhamos os seus dados com outras entidades, seja pessoa f\u00edsica ou jur\u00eddica. Todas as suas informa\u00e7\u00f5es que temos est\u00e3o guardadas em seguran\u00e7a.<\/div>\n<h3><strong>SPAM<\/strong><\/h3>\n<div>\u2022 O Site n\u00e3o envia, de forma alguma, SPAM para os usu\u00e1rios cadastrados. Utilizamos o e-mail cadastrado para enviar informa\u00e7\u00f5es sobre ofertas, not\u00edcias ou produtos. Em qualquer momento \u00e9 poss\u00edvel descadastrar-se da nossa lista de e-mail.<\/div>\n<div>\u2022 Da mesma forma, fica proibido que qualquer usu\u00e1rio utilize qualquer conte\u00fado do Site para o envio de Spam.<\/div>\n<div>\u2022 O SITE tamb\u00e9m n\u00e3o solicitar\u00e1 aos seus usu\u00e1rios informa\u00e7\u00f5es pessoais por email;<\/div>\n<div>\u2022 O SITE n\u00e3o se responsabiliza por quaisquer comunica\u00e7\u00f5es eletr\u00f4nicas fraudulentas que coletem dados pessoais dos usu\u00e1rios (phishing).<\/div>\n<h3><strong>TODOS OS DIREITOS RESERVADOS<\/strong><\/h3>\n<div>\u2022 Todas as informa\u00e7\u00f5es contidas dentro da loja virtual s\u00e3o de propriedade da <strong>FORTFLEX.COM.BR<\/strong>. Nenhuma das informa\u00e7\u00f5es (incluindo fotos de produtos, textos, descri\u00e7\u00f5es, materiais de campanha e outros) poder\u00e3o ser extra\u00eddas sem a pr\u00e9via e expressa autoriza\u00e7\u00e3o por escrito. Sendo assim, ao acessar <strong>FORTFLEX.COM.BR,<\/strong> o usu\u00e1rio fica ciente de que a utiliza\u00e7\u00e3o indevida das informa\u00e7\u00f5es aqui contidas pode acarretar san\u00e7\u00f5es civis e criminais.<\/div>\n<h3><strong>NOTIFICA\u00c7\u00c3O DE ALTERA\u00c7\u00d5ES NA POL\u00cdTICA DE PRIVACIDADE<\/strong><\/h3>\n<div>\u2022 Este termo pode ser atualizado a qualquer momento sem aviso pr\u00e9vio.<\/div>\n<div>\u00a0<\/div>\n<div><strong>Qualquer d\u00favida entre em contato conosco!<\/strong><\/div>\n","protected":false},"excerpt":{"rendered":"<p>AMBIENTE SEGURO Nossa loja VIRTUAL \u00e9 hospedada nos servidores da AG\u00caNCIA PAGES. \u00a0 Desde a p\u00e1gina inicial da nossa loja sua conex\u00e3o \u00e9 100% segura. SUAS INFORMA\u00c7\u00d5ES PESSOAIS Devido o protocolo SSL (Secure Sockets Layer) todas as suas informa\u00e7\u00f5es s\u00e3o criptografas impedindo qualquer tipo de compartilhamento dos seus dados pessoais ou qualquer altera\u00e7\u00e3o dos dados [&#8230;]\n","protected":false},"author":1,"featured_media":0,"parent":0,"menu_order":0,"comment_status":"closed","ping_status":"closed","template":"","meta":{"footnotes":""},"_links":{"self":[{"href":"https:\/\/fortflex.com.br\/loja\/wp-json\/wp\/v2\/pages\/1052"}],"collection":[{"href":"https:\/\/fortflex.com.br\/loja\/wp-json\/wp\/v2\/pages"}],"about":[{"href":"https:\/\/fortflex.com.br\/loja\/wp-json\/wp\/v2\/types\/page"}],"author":[{"embeddable":true,"href":"https:\/\/fortflex.com.br\/loja\/wp-json\/wp\/v2\/users\/1"}],"replies":[{"embeddable":true,"href":"https:\/\/fortflex.com.br\/loja\/wp-json\/wp\/v2\/comments?post=1052"}],"version-history":[{"count":2,"href":"https:\/\/fortflex.com.br\/loja\/wp-json\/wp\/v2\/pages\/1052\/revisions"}],"predecessor-version":[{"id":1580,"href":"https:\/\/fortflex.com.br\/loja\/wp-json\/wp\/v2\/pages\/1052\/revisions\/1580"}],"wp:attachment":[{"href":"https:\/\/fortflex.com.br\/loja\/wp-json\/wp\/v2\/media?parent=1052"}],"curies":[{"name":"wp","href":"https:\/\/api.w.org\/{rel}","templated":true}]}}