{"id":1845,"date":"2021-01-26T09:51:15","date_gmt":"2021-01-26T12:51:15","guid":{"rendered":"https:\/\/fortflex.com.br\/loja\/?post_type=product&#038;p=1845"},"modified":"2022-06-11T11:18:27","modified_gmt":"2022-06-11T14:18:27","slug":"front-ga","status":"publish","type":"product","link":"https:\/\/fortflex.com.br\/loja\/produto\/front-ga\/","title":{"rendered":"Cadeira\/Poltrona Girat\u00f3ria Front GA (Relax\/Base Cromada)"},"content":{"rendered":"<p>&#8211; Assento com espuma em PU injetada (D45\/55)<br \/>\n&#8211; Base girat\u00f3ria  em a\u00e7o com acabamento cromado<br \/>\n&#8211; Mecanismo Relax com bloqueio<br \/>\n&#8211; Rod\u00edzios anti-risco em PU<br \/>\n&#8211; Inclina\u00e7\u00e3o no encosto com bloqueio em 1 posi\u00e7\u00e3o<br \/>\n&#8211; Regulagem de altura do assento a g\u00e1s<br \/>\n&#8211; Assento e Encosto estofado com Pillow Top<br \/>\n&#8211; Encosto Alto Presidente (com encosto de cabe\u00e7a)<br \/>\n&#8211; Revestimento em diversas op\u00e7\u00f5es<br \/>\n&#8211; Bra\u00e7os em poliuretano emborrachado preto<br \/>\n&#8211; Imagens meramente ilustrativas<br \/>\n&#8211; Montagem feita pelo cliente ou entrar em contato por email ou whatsapp para cadeiras montadas.<br \/>\n&#8211; Peso m\u00e1ximo suportado: 120kg<br \/>\nGarantia: 18 meses<br \/>\nMedidas:<br \/>\n Largura bra\u00e7o a bra\u00e7o: 62cm<br \/>\n Largura assento: 51cm<br \/>\n Profundidade do assento: 52cm<br \/>\n Altura encosto: 76cm<\/p>\n<p>&#8211; O prazo de envio do seu pedido fica em <strong>at\u00e9 30 dias corridos<\/strong> ap\u00f3s a confirma\u00e7\u00e3o do pagamento. Pedidos aprovados ap\u00f3s \u00e0s 17:30h, nos finais de semana ou feriados, come\u00e7am a contar o prazo somente no segundo dia \u00fatil subsequente.<br \/>\nMaiores informa\u00e7\u00f5es entre em contato conosco.<br \/>\nInstru\u00e7\u00f5es de limpeza: n\u00e3o utilizar produtos abrasivos, limpar com flanela ou pano \u00famido e sab\u00e3o neutro.<br \/>\n-Produto Nacional.<br \/>\n-Imagens meramente ilustrativas<br \/>\n&#8211; Montagem feita pelo cliente ou entrar em contato por email ou whatsapp para cadeiras montadas.<\/p>\n","protected":false},"excerpt":{"rendered":"<p>&#8211; Assento com espuma em PU injetada (D45\/55) &#8211; Base girat\u00f3ria em a\u00e7o com acabamento cromado &#8211; Mecanismo Relax com bloqueio &#8211; Rod\u00edzios anti-risco em PU &#8211; Inclina\u00e7\u00e3o no encosto com bloqueio em 1 posi\u00e7\u00e3o &#8211; Regulagem de altura do assento a g\u00e1s &#8211; Assento e Encosto estofado com Pillow Top &#8211; Encosto Alto Presidente [&#8230;]\n","protected":false},"featured_media":1846,"template":"","meta":[],"product_cat":[128,109],"product_tag":[],"_links":{"self":[{"href":"https:\/\/fortflex.com.br\/loja\/wp-json\/wp\/v2\/product\/1845"}],"collection":[{"href":"https:\/\/fortflex.com.br\/loja\/wp-json\/wp\/v2\/product"}],"about":[{"href":"https:\/\/fortflex.com.br\/loja\/wp-json\/wp\/v2\/types\/product"}],"wp:featuredmedia":[{"embeddable":true,"href":"https:\/\/fortflex.com.br\/loja\/wp-json\/wp\/v2\/media\/1846"}],"wp:attachment":[{"href":"https:\/\/fortflex.com.br\/loja\/wp-json\/wp\/v2\/media?parent=1845"}],"wp:term":[{"taxonomy":"product_cat","embeddable":true,"href":"https:\/\/fortflex.com.br\/loja\/wp-json\/wp\/v2\/product_cat?post=1845"},{"taxonomy":"product_tag","embeddable":true,"href":"https:\/\/fortflex.com.br\/loja\/wp-json\/wp\/v2\/product_tag?post=1845"}],"curies":[{"name":"wp","href":"https:\/\/api.w.org\/{rel}","templated":true}]}}

Cadeira/Poltrona Giratória Front GA (Relax/Base Cromada)

<p>&#8211; Assento com espuma em PU injetada (D45/55)<br />
&#8211; Base giratória  em aço com acabamento cromado<br />
&#8211; Mecanismo Relax com bloqueio<br />
&#8211; Rodízios anti-risco em PU<br />
&#8211; Inclinação no encosto com bloqueio em 1 posição<br />
&#8211; Regulagem de altura do assento a gás<br />
&#8211; Assento e Encosto estofado com Pillow Top<br />
&#8211; Encosto Alto Presidente (com encosto de cabeça)<br />
&#8211; Revestimento em diversas opções<br />
&#8211; Braços em poliuretano emborrachado preto<br />
&#8211; Imagens meramente ilustrativas<br />
&#8211; Montagem feita pelo cliente ou entrar em contato por email ou whatsapp para cadeiras montadas.<br />
&#8211; Peso máximo suportado: 120kg<br />
Garantia: 18 meses<br />
Medidas:<br />
 Largura braço a braço: 62cm<br />
 Largura assento: 51cm<br />
 Profundidade do assento: 52cm<br />
 Altura encosto: 76cm</p>
<p>&#8211; O prazo de envio do seu pedido fica em <strong>até 30 dias corridos</strong> após a confirmação do pagamento. Pedidos aprovados após às 17:30h, nos finais de semana ou feriados, começam a contar o prazo somente no segundo dia útil subsequente.<br />
Maiores informações entre em contato conosco.<br />
Instruções de limpeza: não utilizar produtos abrasivos, limpar com flanela ou pano úmido e sabão neutro.<br />
-Produto Nacional.<br />
-Imagens meramente ilustrativas<br />
&#8211; Montagem feita pelo cliente ou entrar em contato por email ou whatsapp para cadeiras montadas.</p>

<p>&#8211; Assento com espuma em PU injetada (D45/55) &#8211; Base giratória em aço com acabamento cromado &#8211; Mecanismo Relax com bloqueio &#8211; Rodízios anti-risco em PU &#8211; Inclinação no encosto com bloqueio em 1 posição &#8211; Regulagem de altura do assento a gás &#8211; Assento e Encosto estofado com Pillow Top &#8211; Encosto Alto Presidente [&#8230;]
