{"id":1851,"date":"2021-01-26T10:05:33","date_gmt":"2021-01-26T13:05:33","guid":{"rendered":"https:\/\/fortflex.com.br\/loja\/?post_type=product&#038;p=1851"},"modified":"2021-07-02T09:45:55","modified_gmt":"2021-07-02T12:45:55","slug":"front-f4-2","status":"publish","type":"product","link":"https:\/\/fortflex.com.br\/loja\/produto\/front-f4-2\/","title":{"rendered":"Cadeira\/Poltrona Fixa Front F4 (Estrut. Cromada)"},"content":{"rendered":"<p>&#8211; Assento com espuma em PU injetada (D45\/55)<br \/>\n&#8211; Base fixa em a\u00e7o com acabamento cromado<br \/>\n&#8211; Assento e Encosto estofado Pillow Top<br \/>\n&#8211; Encosto M\u00e9dio Diretor Interlocutor<br \/>\n&#8211; Revestimento em diversas op\u00e7\u00f5es<br \/>\n&#8211; Bra\u00e7os em poliuretano emborrachado preto<br \/>\n&#8211; Peso m\u00e1ximo suportado: 120kg<br \/>\nGarantia: 18 meses<br \/>\nMedidas:<br \/>\n Largura bra\u00e7o a bra\u00e7o: 62cm<br \/>\n Largura assento: 51cm<br \/>\n Profundidade do assento: 52cm<br \/>\n Altura encosto: 62cm<\/p>\n<p>&#8211; O prazo de envio do seu pedido fica em <strong>at\u00e9 30 dias corridos<\/strong> ap\u00f3s a confirma\u00e7\u00e3o do pagamento. Pedidos aprovados ap\u00f3s \u00e0s 17:30h, nos finais de semana ou feriados, come\u00e7am a contar o prazo somente no segundo dia \u00fatil subsequente.<br \/>\nMaiores informa\u00e7\u00f5es entre em contato conosco.<br \/>\nInstru\u00e7\u00f5es de limpeza: n\u00e3o utilizar produtos abrasivos, limpar com flanela ou pano \u00famido e sab\u00e3o neutro.<br \/>\n-Produto Nacional.<br \/>\n-Imagens meramente ilustrativas<br \/>\n&#8211; Montagem feita pelo cliente ou entrar em contato por email ou whatsapp para cadeiras montadas.<\/p>\n","protected":false},"excerpt":{"rendered":"<p>&#8211; Assento com espuma em PU injetada (D45\/55) &#8211; Base fixa em a\u00e7o com acabamento cromado &#8211; Assento e Encosto estofado Pillow Top &#8211; Encosto M\u00e9dio Diretor Interlocutor &#8211; Revestimento em diversas op\u00e7\u00f5es &#8211; Bra\u00e7os em poliuretano emborrachado preto &#8211; Peso m\u00e1ximo suportado: 120kg Garantia: 18 meses Medidas: Largura bra\u00e7o a bra\u00e7o: 62cm Largura assento: [&#8230;]\n","protected":false},"featured_media":1963,"template":"","meta":[],"product_cat":[110],"product_tag":[],"_links":{"self":[{"href":"https:\/\/fortflex.com.br\/loja\/wp-json\/wp\/v2\/product\/1851"}],"collection":[{"href":"https:\/\/fortflex.com.br\/loja\/wp-json\/wp\/v2\/product"}],"about":[{"href":"https:\/\/fortflex.com.br\/loja\/wp-json\/wp\/v2\/types\/product"}],"wp:featuredmedia":[{"embeddable":true,"href":"https:\/\/fortflex.com.br\/loja\/wp-json\/wp\/v2\/media\/1963"}],"wp:attachment":[{"href":"https:\/\/fortflex.com.br\/loja\/wp-json\/wp\/v2\/media?parent=1851"}],"wp:term":[{"taxonomy":"product_cat","embeddable":true,"href":"https:\/\/fortflex.com.br\/loja\/wp-json\/wp\/v2\/product_cat?post=1851"},{"taxonomy":"product_tag","embeddable":true,"href":"https:\/\/fortflex.com.br\/loja\/wp-json\/wp\/v2\/product_tag?post=1851"}],"curies":[{"name":"wp","href":"https:\/\/api.w.org\/{rel}","templated":true}]}}

<p>&#8211; Assento com espuma em PU injetada (D45/55)<br />
&#8211; Base fixa em aço com acabamento cromado<br />
&#8211; Assento e Encosto estofado Pillow Top<br />
&#8211; Encosto Médio Diretor Interlocutor<br />
&#8211; Revestimento em diversas opções<br />
&#8211; Braços em poliuretano emborrachado preto<br />
&#8211; Peso máximo suportado: 120kg<br />
Garantia: 18 meses<br />
Medidas:<br />
 Largura braço a braço: 62cm<br />
 Largura assento: 51cm<br />
 Profundidade do assento: 52cm<br />
 Altura encosto: 62cm</p>
<p>&#8211; O prazo de envio do seu pedido fica em <strong>até 30 dias corridos</strong> após a confirmação do pagamento. Pedidos aprovados após às 17:30h, nos finais de semana ou feriados, começam a contar o prazo somente no segundo dia útil subsequente.<br />
Maiores informações entre em contato conosco.<br />
Instruções de limpeza: não utilizar produtos abrasivos, limpar com flanela ou pano úmido e sabão neutro.<br />
-Produto Nacional.<br />
-Imagens meramente ilustrativas<br />
&#8211; Montagem feita pelo cliente ou entrar em contato por email ou whatsapp para cadeiras montadas.</p>

<p>&#8211; Assento com espuma em PU injetada (D45/55) &#8211; Base fixa em aço com acabamento cromado &#8211; Assento e Encosto estofado Pillow Top &#8211; Encosto Médio Diretor Interlocutor &#8211; Revestimento em diversas opções &#8211; Braços em poliuretano emborrachado preto &#8211; Peso máximo suportado: 120kg Garantia: 18 meses Medidas: Largura braço a braço: 62cm Largura assento: [&#8230;]
