{"id":1887,"date":"2021-02-01T15:07:51","date_gmt":"2021-02-01T18:07:51","guid":{"rendered":"https:\/\/fortflex.com.br\/loja\/?post_type=product&#038;p=1887"},"modified":"2022-06-11T11:11:25","modified_gmt":"2022-06-11T14:11:25","slug":"2001a-cromada","status":"publish","type":"product","link":"https:\/\/fortflex.com.br\/loja\/produto\/2001a-cromada\/","title":{"rendered":"Cadeira\/Poltrona Girat\u00f3ria 2001A (Relax\/Base Cromada)"},"content":{"rendered":"<p>&#8211; Assento e Encosto com espuma de poliuretano (Espessura 70mm)<br \/>\n&#8211; Base girat\u00f3ria em a\u00e7o com acabamento em cromado<br \/>\n&#8211; Mecanismo Relax com bloqueio<br \/>\n&#8211; Rod\u00edzios anti-risco em PU<br \/>\n&#8211; Inclina\u00e7\u00e3o no encosto com bloqueio em 1 posi\u00e7\u00e3o<br \/>\n&#8211; Regulagem de altura do assento a g\u00e1s<br \/>\n&#8211; Encosto de cabe\u00e7a<br \/>\n&#8211; Revestimento em diversas op\u00e7\u00f5es<br \/>\n&#8211; Bra\u00e7os em a\u00e7o, acabamento cromado, com apoio tape\u00e7ado<br \/>\n&#8211; Peso m\u00e1ximo suportado: 120kg<br \/>\nGarantia: 18 meses<\/p>\n<p>&#8211; O prazo de envio do seu pedido fica em <strong>at\u00e9 30 dias corridos<\/strong> ap\u00f3s a confirma\u00e7\u00e3o do pagamento. Pedidos aprovados ap\u00f3s \u00e0s 17:30h, nos finais de semana ou feriados, come\u00e7am a contar o prazo somente no segundo dia \u00fatil subsequente.<br \/>\nMaiores informa\u00e7\u00f5es entre em contato conosco.<br \/>\nInstru\u00e7\u00f5es de limpeza: n\u00e3o utilizar produtos abrasivos, limpar com flanela ou pano \u00famido e sab\u00e3o neutro.<br \/>\n-Produto Nacional.<br \/>\n-Imagens meramente ilustrativas<br \/>\n&#8211; Montagem feita pelo cliente ou entrar em contato por email ou whatsapp para cadeiras montadas.<\/p>\n","protected":false},"excerpt":{"rendered":"<p>&#8211; Assento e Encosto com espuma de poliuretano (Espessura 70mm) &#8211; Base girat\u00f3ria em a\u00e7o com acabamento em cromado &#8211; Mecanismo Relax com bloqueio &#8211; Rod\u00edzios anti-risco em PU &#8211; Inclina\u00e7\u00e3o no encosto com bloqueio em 1 posi\u00e7\u00e3o &#8211; Regulagem de altura do assento a g\u00e1s &#8211; Encosto de cabe\u00e7a &#8211; Revestimento em diversas op\u00e7\u00f5es [&#8230;]\n","protected":false},"featured_media":1888,"template":"","meta":[],"product_cat":[109],"product_tag":[],"_links":{"self":[{"href":"https:\/\/fortflex.com.br\/loja\/wp-json\/wp\/v2\/product\/1887"}],"collection":[{"href":"https:\/\/fortflex.com.br\/loja\/wp-json\/wp\/v2\/product"}],"about":[{"href":"https:\/\/fortflex.com.br\/loja\/wp-json\/wp\/v2\/types\/product"}],"wp:featuredmedia":[{"embeddable":true,"href":"https:\/\/fortflex.com.br\/loja\/wp-json\/wp\/v2\/media\/1888"}],"wp:attachment":[{"href":"https:\/\/fortflex.com.br\/loja\/wp-json\/wp\/v2\/media?parent=1887"}],"wp:term":[{"taxonomy":"product_cat","embeddable":true,"href":"https:\/\/fortflex.com.br\/loja\/wp-json\/wp\/v2\/product_cat?post=1887"},{"taxonomy":"product_tag","embeddable":true,"href":"https:\/\/fortflex.com.br\/loja\/wp-json\/wp\/v2\/product_tag?post=1887"}],"curies":[{"name":"wp","href":"https:\/\/api.w.org\/{rel}","templated":true}]}}

Cadeira/Poltrona Giratória 2001A (Relax/Base Cromada)

<p>&#8211; Assento e Encosto com espuma de poliuretano (Espessura 70mm)<br />
&#8211; Base giratória em aço com acabamento em cromado<br />
&#8211; Mecanismo Relax com bloqueio<br />
&#8211; Rodízios anti-risco em PU<br />
&#8211; Inclinação no encosto com bloqueio em 1 posição<br />
&#8211; Regulagem de altura do assento a gás<br />
&#8211; Encosto de cabeça<br />
&#8211; Revestimento em diversas opções<br />
&#8211; Braços em aço, acabamento cromado, com apoio tapeçado<br />
&#8211; Peso máximo suportado: 120kg<br />
Garantia: 18 meses</p>
<p>&#8211; O prazo de envio do seu pedido fica em <strong>até 30 dias corridos</strong> após a confirmação do pagamento. Pedidos aprovados após às 17:30h, nos finais de semana ou feriados, começam a contar o prazo somente no segundo dia útil subsequente.<br />
Maiores informações entre em contato conosco.<br />
Instruções de limpeza: não utilizar produtos abrasivos, limpar com flanela ou pano úmido e sabão neutro.<br />
-Produto Nacional.<br />
-Imagens meramente ilustrativas<br />
&#8211; Montagem feita pelo cliente ou entrar em contato por email ou whatsapp para cadeiras montadas.</p>

<p>&#8211; Assento e Encosto com espuma de poliuretano (Espessura 70mm) &#8211; Base giratória em aço com acabamento em cromado &#8211; Mecanismo Relax com bloqueio &#8211; Rodízios anti-risco em PU &#8211; Inclinação no encosto com bloqueio em 1 posição &#8211; Regulagem de altura do assento a gás &#8211; Encosto de cabeça &#8211; Revestimento em diversas opções [&#8230;]
