{"id":1977,"date":"2021-02-04T12:17:01","date_gmt":"2021-02-04T15:17:01","guid":{"rendered":"https:\/\/fortflex.com.br\/loja\/?post_type=product&#038;p=1977"},"modified":"2021-07-02T09:57:20","modified_gmt":"2021-07-02T12:57:20","slug":"zee-g1-sem-bracos-base-cromada","status":"publish","type":"product","link":"https:\/\/fortflex.com.br\/loja\/produto\/zee-g1-sem-bracos-base-cromada\/","title":{"rendered":"Cadeira Girat\u00f3ria Zee G2 (Sem Bra\u00e7os\/Base Cromada)"},"content":{"rendered":"<p>\u2013 Assento e Encosto em espuma de poliuretano (Espessura 45mm)<br \/>\n\u2013 Encosto Executivo<br \/>\n\u2013 Base girat\u00f3ria em a\u00e7o com acabamento cromado<br \/>\n\u2013 Rod\u00edzios duplos em PP<br \/>\n\u2013 Regulagem de altura do assento a g\u00e1s<br \/>\n\u2013 Revestimento em diversas op\u00e7\u00f5es<br \/>\n\u2013 Peso m\u00e1ximo suportado: 120kg<br \/>\nGarantia: 1 ano<br \/>\nMedidas(sem bra\u00e7o):<br \/>\nAssento 480mm largura X 475mm prof.<br \/>\nEncosto 470mm largura X 480mm altura<\/p>\n<p>&#8211; O prazo de envio do seu pedido fica em <strong>at\u00e9 30 dias corridos<\/strong> ap\u00f3s a confirma\u00e7\u00e3o do pagamento. Pedidos aprovados ap\u00f3s \u00e0s 17:30h, nos finais de semana ou feriados, come\u00e7am a contar o prazo somente no segundo dia \u00fatil subsequente.<br \/>\nMaiores informa\u00e7\u00f5es entre em contato conosco.<br \/>\nInstru\u00e7\u00f5es de limpeza: n\u00e3o utilizar produtos abrasivos, limpar com flanela ou pano \u00famido e sab\u00e3o neutro.<br \/>\n-Produto Nacional.<br \/>\n-Imagens meramente ilustrativas<br \/>\n&#8211; Montagem feita pelo cliente ou entrar em contato por email ou whatsapp para cadeiras montadas.<\/p>\n","protected":false},"excerpt":{"rendered":"<p>\u2013 Assento e Encosto em espuma de poliuretano (Espessura 45mm) \u2013 Encosto Executivo \u2013 Base girat\u00f3ria em a\u00e7o com acabamento cromado \u2013 Rod\u00edzios duplos em PP \u2013 Regulagem de altura do assento a g\u00e1s \u2013 Revestimento em diversas op\u00e7\u00f5es \u2013 Peso m\u00e1ximo suportado: 120kg Garantia: 1 ano Medidas(sem bra\u00e7o): Assento 480mm largura X 475mm prof. [&#8230;]\n","protected":false},"featured_media":1978,"template":"","meta":[],"product_cat":[109],"product_tag":[],"_links":{"self":[{"href":"https:\/\/fortflex.com.br\/loja\/wp-json\/wp\/v2\/product\/1977"}],"collection":[{"href":"https:\/\/fortflex.com.br\/loja\/wp-json\/wp\/v2\/product"}],"about":[{"href":"https:\/\/fortflex.com.br\/loja\/wp-json\/wp\/v2\/types\/product"}],"wp:featuredmedia":[{"embeddable":true,"href":"https:\/\/fortflex.com.br\/loja\/wp-json\/wp\/v2\/media\/1978"}],"wp:attachment":[{"href":"https:\/\/fortflex.com.br\/loja\/wp-json\/wp\/v2\/media?parent=1977"}],"wp:term":[{"taxonomy":"product_cat","embeddable":true,"href":"https:\/\/fortflex.com.br\/loja\/wp-json\/wp\/v2\/product_cat?post=1977"},{"taxonomy":"product_tag","embeddable":true,"href":"https:\/\/fortflex.com.br\/loja\/wp-json\/wp\/v2\/product_tag?post=1977"}],"curies":[{"name":"wp","href":"https:\/\/api.w.org\/{rel}","templated":true}]}}

Cadeira Giratória Zee G2 (Sem Braços/Base Cromada)

<p>– Assento e Encosto em espuma de poliuretano (Espessura 45mm)<br />
– Encosto Executivo<br />
– Base giratória em aço com acabamento cromado<br />
– Rodízios duplos em PP<br />
– Regulagem de altura do assento a gás<br />
– Revestimento em diversas opções<br />
– Peso máximo suportado: 120kg<br />
Garantia: 1 ano<br />
Medidas(sem braço):<br />
Assento 480mm largura X 475mm prof.<br />
Encosto 470mm largura X 480mm altura</p>
<p>&#8211; O prazo de envio do seu pedido fica em <strong>até 30 dias corridos</strong> após a confirmação do pagamento. Pedidos aprovados após às 17:30h, nos finais de semana ou feriados, começam a contar o prazo somente no segundo dia útil subsequente.<br />
Maiores informações entre em contato conosco.<br />
Instruções de limpeza: não utilizar produtos abrasivos, limpar com flanela ou pano úmido e sabão neutro.<br />
-Produto Nacional.<br />
-Imagens meramente ilustrativas<br />
&#8211; Montagem feita pelo cliente ou entrar em contato por email ou whatsapp para cadeiras montadas.</p>

<p>– Assento e Encosto em espuma de poliuretano (Espessura 45mm) – Encosto Executivo – Base giratória em aço com acabamento cromado – Rodízios duplos em PP – Regulagem de altura do assento a gás – Revestimento em diversas opções – Peso máximo suportado: 120kg Garantia: 1 ano Medidas(sem braço): Assento 480mm largura X 475mm prof. [&#8230;]
