{"id":2011,"date":"2021-02-11T11:48:22","date_gmt":"2021-02-11T14:48:22","guid":{"rendered":"https:\/\/fortflex.com.br\/loja\/?post_type=product&#038;p=2011"},"modified":"2021-07-06T12:43:59","modified_gmt":"2021-07-06T15:43:59","slug":"cadeira-giratoria-alta-sem-bracos-3-003-c-base-preta-com-apoia-pe","status":"publish","type":"product","link":"https:\/\/fortflex.com.br\/loja\/produto\/cadeira-giratoria-alta-sem-bracos-3-003-c-base-preta-com-apoia-pe\/","title":{"rendered":"Cadeira Girat\u00f3ria Alta Sem Bra\u00e7os 3.003-C (Base Preta com Ap\u00f3ia P\u00e9)"},"content":{"rendered":"<p>\u2013 Assento e Encosto com espuma de poliuretano (Espessura 30mm)<br \/>\n\u2013 Base girat\u00f3ria em a\u00e7o com capa preta<br \/>\n\u2013 Sapatas<br \/>\n\u2013 Encosto Fixo<br \/>\n\u2013 Mecanismo com regulagem de altura do assento a g\u00e1s<br \/>\n\u2013 <strong>Revestimento em tecido preto ou vinil preto<\/strong><br \/>\n\u2013 Sem Bra\u00e7os<br \/>\n\u2013 Aro com apoio para p\u00e9s<br \/>\n\u2013 Peso m\u00e1ximo suportado: 100kg<br \/>\nGarantia: 12 meses <\/p>\n<p>Medidas:<br \/>\nMedidas: Encosto: 420mm larg. x 285mm alt.<br \/>\nAlt. encosto 950mm min. X 1050mm m\u00e1x.<br \/>\nAssento: 430mm larg. x 380mm prof.<br \/>\nAlt. assento 670mm min. X 760mm m\u00e1x.<\/p>\n<p>&#8211; O prazo de envio do seu pedido fica em <strong>at\u00e9 30 dias corridos<\/strong> ap\u00f3s a confirma\u00e7\u00e3o do pagamento. Pedidos aprovados ap\u00f3s \u00e0s 17:30h, nos finais de semana ou feriados, come\u00e7am a contar o prazo somente no segundo dia \u00fatil subsequente.<br \/>\nMaiores informa\u00e7\u00f5es entre em contato conosco.<br \/>\nInstru\u00e7\u00f5es de limpeza: n\u00e3o utilizar produtos abrasivos, limpar com flanela ou pano \u00famido e sab\u00e3o neutro.<br \/>\n-Produto Nacional.<br \/>\n-Imagens meramente ilustrativas<br \/>\n&#8211; Montagem feita pelo cliente ou entrar em contato por email ou whatsapp para cadeiras montadas.<\/p>\n","protected":false},"excerpt":{"rendered":"<p>\u2013 Assento e Encosto com espuma de poliuretano (Espessura 30mm) \u2013 Base girat\u00f3ria em a\u00e7o com capa preta \u2013 Sapatas \u2013 Encosto Fixo \u2013 Mecanismo com regulagem de altura do assento a g\u00e1s \u2013 Revestimento em tecido preto ou vinil preto \u2013 Sem Bra\u00e7os \u2013 Aro com apoio para p\u00e9s \u2013 Peso m\u00e1ximo suportado: 100kg [&#8230;]\n","protected":false},"featured_media":2012,"template":"","meta":[],"product_cat":[122],"product_tag":[],"_links":{"self":[{"href":"https:\/\/fortflex.com.br\/loja\/wp-json\/wp\/v2\/product\/2011"}],"collection":[{"href":"https:\/\/fortflex.com.br\/loja\/wp-json\/wp\/v2\/product"}],"about":[{"href":"https:\/\/fortflex.com.br\/loja\/wp-json\/wp\/v2\/types\/product"}],"wp:featuredmedia":[{"embeddable":true,"href":"https:\/\/fortflex.com.br\/loja\/wp-json\/wp\/v2\/media\/2012"}],"wp:attachment":[{"href":"https:\/\/fortflex.com.br\/loja\/wp-json\/wp\/v2\/media?parent=2011"}],"wp:term":[{"taxonomy":"product_cat","embeddable":true,"href":"https:\/\/fortflex.com.br\/loja\/wp-json\/wp\/v2\/product_cat?post=2011"},{"taxonomy":"product_tag","embeddable":true,"href":"https:\/\/fortflex.com.br\/loja\/wp-json\/wp\/v2\/product_tag?post=2011"}],"curies":[{"name":"wp","href":"https:\/\/api.w.org\/{rel}","templated":true}]}}

Cadeira Giratória Alta Sem Braços 3.003-C (Base Preta com Apóia Pé)

<p>– Assento e Encosto com espuma de poliuretano (Espessura 30mm)<br />
– Base giratória em aço com capa preta<br />
– Sapatas<br />
– Encosto Fixo<br />
– Mecanismo com regulagem de altura do assento a gás<br />
– <strong>Revestimento em tecido preto ou vinil preto</strong><br />
– Sem Braços<br />
– Aro com apoio para pés<br />
– Peso máximo suportado: 100kg<br />
Garantia: 12 meses </p>
<p>Medidas:<br />
Medidas: Encosto: 420mm larg. x 285mm alt.<br />
Alt. encosto 950mm min. X 1050mm máx.<br />
Assento: 430mm larg. x 380mm prof.<br />
Alt. assento 670mm min. X 760mm máx.</p>
<p>&#8211; O prazo de envio do seu pedido fica em <strong>até 30 dias corridos</strong> após a confirmação do pagamento. Pedidos aprovados após às 17:30h, nos finais de semana ou feriados, começam a contar o prazo somente no segundo dia útil subsequente.<br />
Maiores informações entre em contato conosco.<br />
Instruções de limpeza: não utilizar produtos abrasivos, limpar com flanela ou pano úmido e sabão neutro.<br />
-Produto Nacional.<br />
-Imagens meramente ilustrativas<br />
&#8211; Montagem feita pelo cliente ou entrar em contato por email ou whatsapp para cadeiras montadas.</p>

<p>– Assento e Encosto com espuma de poliuretano (Espessura 30mm) – Base giratória em aço com capa preta – Sapatas – Encosto Fixo – Mecanismo com regulagem de altura do assento a gás – Revestimento em tecido preto ou vinil preto – Sem Braços – Aro com apoio para pés – Peso máximo suportado: 100kg [&#8230;]
