{"id":2016,"date":"2021-02-11T14:15:10","date_gmt":"2021-02-11T17:15:10","guid":{"rendered":"https:\/\/fortflex.com.br\/loja\/?post_type=product&#038;p=2016"},"modified":"2023-08-03T10:41:21","modified_gmt":"2023-08-03T13:41:21","slug":"cadeira-giratoria-alta-sem-bracos-3-005-d-br-back-base-preta","status":"publish","type":"product","link":"https:\/\/fortflex.com.br\/loja\/produto\/cadeira-giratoria-alta-sem-bracos-3-005-d-br-back-base-preta\/","title":{"rendered":"Cadeira Girat\u00f3ria Alta Sem Bra\u00e7os 3.005-C-D SBR (Back\/Base Preta)"},"content":{"rendered":"<p>\u2013 Assento e Encosto com espuma de poliuretano (Espessura 50mm)<br \/>\n\u2013 Base girat\u00f3ria em a\u00e7o com capa preta<br \/>\n\u2013 Mecanismo Back<br \/>\n\u2013 Rod\u00edzios em PP ou Sapatas<br \/>\n\u2013 Inclina\u00e7\u00e3o no encosto com bloqueio em v\u00e1rias posi\u00e7\u00f5es e altura<br \/>\n\u2013 Regulagem de altura do assento a g\u00e1s<br \/>\n\u2013 Revestimento em diversas op\u00e7\u00f5es<br \/>\n\u2013 <strong>Sem Bra\u00e7os<\/strong><br \/>\n\u2013 Aro com apoio para p\u00e9s<br \/>\n\u2013 Cadeira Ergon\u00f4mica NR17\/NBR13.962<br \/>\n\u2013 Peso m\u00e1ximo suportado: 120kg<br \/>\nGarantia: 12 meses<\/p>\n<p>&#8211; O prazo de envio do seu pedido fica em <strong>at\u00e9 30 dias corridos<\/strong> ap\u00f3s a confirma\u00e7\u00e3o do pagamento. Pedidos aprovados ap\u00f3s \u00e0s 17:30h, nos finais de semana ou feriados, come\u00e7am a contar o prazo somente no segundo dia \u00fatil subsequente.<br \/>\nMaiores informa\u00e7\u00f5es entre em contato conosco.<br \/>\nInstru\u00e7\u00f5es de limpeza: n\u00e3o utilizar produtos abrasivos, limpar com flanela ou pano \u00famido e sab\u00e3o neutro.<br \/>\n-Produto Nacional.<br \/>\n-Imagens meramente ilustrativas<br \/>\n&#8211; Montagem feita pelo cliente ou entrar em contato por email ou whatsapp para cadeiras montadas.<\/p>\n","protected":false},"excerpt":{"rendered":"<p>\u2013 Assento e Encosto com espuma de poliuretano (Espessura 50mm) \u2013 Base girat\u00f3ria em a\u00e7o com capa preta \u2013 Mecanismo Back \u2013 Rod\u00edzios em PP ou Sapatas \u2013 Inclina\u00e7\u00e3o no encosto com bloqueio em v\u00e1rias posi\u00e7\u00f5es e altura \u2013 Regulagem de altura do assento a g\u00e1s \u2013 Revestimento em diversas op\u00e7\u00f5es \u2013 Sem Bra\u00e7os \u2013 [&#8230;]\n","protected":false},"featured_media":2017,"template":"","meta":[],"product_cat":[122],"product_tag":[],"_links":{"self":[{"href":"https:\/\/fortflex.com.br\/loja\/wp-json\/wp\/v2\/product\/2016"}],"collection":[{"href":"https:\/\/fortflex.com.br\/loja\/wp-json\/wp\/v2\/product"}],"about":[{"href":"https:\/\/fortflex.com.br\/loja\/wp-json\/wp\/v2\/types\/product"}],"wp:featuredmedia":[{"embeddable":true,"href":"https:\/\/fortflex.com.br\/loja\/wp-json\/wp\/v2\/media\/2017"}],"wp:attachment":[{"href":"https:\/\/fortflex.com.br\/loja\/wp-json\/wp\/v2\/media?parent=2016"}],"wp:term":[{"taxonomy":"product_cat","embeddable":true,"href":"https:\/\/fortflex.com.br\/loja\/wp-json\/wp\/v2\/product_cat?post=2016"},{"taxonomy":"product_tag","embeddable":true,"href":"https:\/\/fortflex.com.br\/loja\/wp-json\/wp\/v2\/product_tag?post=2016"}],"curies":[{"name":"wp","href":"https:\/\/api.w.org\/{rel}","templated":true}]}}

Cadeira Giratória Alta Sem Braços 3.005-C-D SBR (Back/Base Preta)

<p>– Assento e Encosto com espuma de poliuretano (Espessura 50mm)<br />
– Base giratória em aço com capa preta<br />
– Mecanismo Back<br />
– Rodízios em PP ou Sapatas<br />
– Inclinação no encosto com bloqueio em várias posições e altura<br />
– Regulagem de altura do assento a gás<br />
– Revestimento em diversas opções<br />
– <strong>Sem Braços</strong><br />
– Aro com apoio para pés<br />
– Cadeira Ergonômica NR17/NBR13.962<br />
– Peso máximo suportado: 120kg<br />
Garantia: 12 meses</p>
<p>&#8211; O prazo de envio do seu pedido fica em <strong>até 30 dias corridos</strong> após a confirmação do pagamento. Pedidos aprovados após às 17:30h, nos finais de semana ou feriados, começam a contar o prazo somente no segundo dia útil subsequente.<br />
Maiores informações entre em contato conosco.<br />
Instruções de limpeza: não utilizar produtos abrasivos, limpar com flanela ou pano úmido e sabão neutro.<br />
-Produto Nacional.<br />
-Imagens meramente ilustrativas<br />
&#8211; Montagem feita pelo cliente ou entrar em contato por email ou whatsapp para cadeiras montadas.</p>

<p>– Assento e Encosto com espuma de poliuretano (Espessura 50mm) – Base giratória em aço com capa preta – Mecanismo Back – Rodízios em PP ou Sapatas – Inclinação no encosto com bloqueio em várias posições e altura – Regulagem de altura do assento a gás – Revestimento em diversas opções – Sem Braços – [&#8230;]
