{"id":2141,"date":"2021-02-19T11:31:52","date_gmt":"2021-02-19T14:31:52","guid":{"rendered":"https:\/\/fortflex.com.br\/loja\/?post_type=product&#038;p=2141"},"modified":"2021-07-02T10:31:47","modified_gmt":"2021-07-02T13:31:47","slug":"cadeira-fixa-slytus-empilhavel-estrut-preta-2","status":"publish","type":"product","link":"https:\/\/fortflex.com.br\/loja\/produto\/cadeira-fixa-slytus-empilhavel-estrut-preta-2\/","title":{"rendered":"Cadeira Fixa Slytus Empilh\u00e1vel (Estrut. Preta)"},"content":{"rendered":"<p>Para aplica\u00e7\u00e3o em m\u00faltiplos ambientes. Essas s\u00e3o as principais caracter\u00edsticas da Slytus, com design moderno que permite compor espa\u00e7os residenciais como home offices, cozinhas e at\u00e9 salas de estudo.<br \/>\n\u2013 Vers\u00e3o com disponibilidade de cores e revestimentos.<br \/>\n\u2013 Estrutura preta<br \/>\n\u2013 Garantia: 1 ano<\/p>\n<p>&#8211; O prazo de envio do seu pedido fica em <strong>at\u00e9 30 dias corridos<\/strong> ap\u00f3s a confirma\u00e7\u00e3o do pagamento. Pedidos aprovados ap\u00f3s \u00e0s 17:30h, nos finais de semana ou feriados, come\u00e7am a contar o prazo somente no segundo dia \u00fatil subsequente.<br \/>\nMaiores informa\u00e7\u00f5es entre em contato conosco.<br \/>\nInstru\u00e7\u00f5es de limpeza: n\u00e3o utilizar produtos abrasivos, limpar com flanela ou pano \u00famido e sab\u00e3o neutro.<br \/>\n-Produto Nacional.<br \/>\n-Imagens meramente ilustrativas<br \/>\n&#8211; Montagem feita pelo cliente ou entrar em contato por email ou whatsapp para cadeiras montadas.<\/p>\n","protected":false},"excerpt":{"rendered":"<p>Para aplica\u00e7\u00e3o em m\u00faltiplos ambientes. Essas s\u00e3o as principais caracter\u00edsticas da Slytus, com design moderno que permite compor espa\u00e7os residenciais como home offices, cozinhas e at\u00e9 salas de estudo. \u2013 Vers\u00e3o com disponibilidade de cores e revestimentos. \u2013 Estrutura preta \u2013 Garantia: 1 ano &#8211; O prazo de envio do seu pedido fica em at\u00e9 [&#8230;]\n","protected":false},"featured_media":2142,"template":"","meta":[],"product_cat":[112],"product_tag":[],"_links":{"self":[{"href":"https:\/\/fortflex.com.br\/loja\/wp-json\/wp\/v2\/product\/2141"}],"collection":[{"href":"https:\/\/fortflex.com.br\/loja\/wp-json\/wp\/v2\/product"}],"about":[{"href":"https:\/\/fortflex.com.br\/loja\/wp-json\/wp\/v2\/types\/product"}],"wp:featuredmedia":[{"embeddable":true,"href":"https:\/\/fortflex.com.br\/loja\/wp-json\/wp\/v2\/media\/2142"}],"wp:attachment":[{"href":"https:\/\/fortflex.com.br\/loja\/wp-json\/wp\/v2\/media?parent=2141"}],"wp:term":[{"taxonomy":"product_cat","embeddable":true,"href":"https:\/\/fortflex.com.br\/loja\/wp-json\/wp\/v2\/product_cat?post=2141"},{"taxonomy":"product_tag","embeddable":true,"href":"https:\/\/fortflex.com.br\/loja\/wp-json\/wp\/v2\/product_tag?post=2141"}],"curies":[{"name":"wp","href":"https:\/\/api.w.org\/{rel}","templated":true}]}}

Cadeira Fixa Slytus Empilhável (Estrut. Preta)

<p>Para aplicação em múltiplos ambientes. Essas são as principais características da Slytus, com design moderno que permite compor espaços residenciais como home offices, cozinhas e até salas de estudo.<br />
– Versão com disponibilidade de cores e revestimentos.<br />
– Estrutura preta<br />
– Garantia: 1 ano</p>
<p>&#8211; O prazo de envio do seu pedido fica em <strong>até 30 dias corridos</strong> após a confirmação do pagamento. Pedidos aprovados após às 17:30h, nos finais de semana ou feriados, começam a contar o prazo somente no segundo dia útil subsequente.<br />
Maiores informações entre em contato conosco.<br />
Instruções de limpeza: não utilizar produtos abrasivos, limpar com flanela ou pano úmido e sabão neutro.<br />
-Produto Nacional.<br />
-Imagens meramente ilustrativas<br />
&#8211; Montagem feita pelo cliente ou entrar em contato por email ou whatsapp para cadeiras montadas.</p>

<p>Para aplicação em múltiplos ambientes. Essas são as principais características da Slytus, com design moderno que permite compor espaços residenciais como home offices, cozinhas e até salas de estudo. – Versão com disponibilidade de cores e revestimentos. – Estrutura preta – Garantia: 1 ano &#8211; O prazo de envio do seu pedido fica em até [&#8230;]
