{"id":2153,"date":"2021-02-19T14:06:35","date_gmt":"2021-02-19T17:06:35","guid":{"rendered":"https:\/\/fortflex.com.br\/loja\/?post_type=product&#038;p=2153"},"modified":"2026-04-22T10:06:29","modified_gmt":"2026-04-22T13:06:29","slug":"cadeira-fixa-piena-estrut-preta","status":"publish","type":"product","link":"https:\/\/fortflex.com.br\/loja\/produto\/cadeira-fixa-piena-estrut-preta\/","title":{"rendered":"Cadeira Fixa Piena (Estrut. Preta)"},"content":{"rendered":"<p>A cadeira possui um encosto curvili\u0301neo, projetado para proporcionar apoio a\u0300s costas do usua\u0301rio e garantir suporte lombar conforta\u0301vel. O design foi inspirado na Seque\u0302ncia de Fibonacci, a ordem de crescimento dos elementos na natureza.<br \/>\nO modelo \u00e9 empilha\u0301vel, e suporta ate\u0301 cinco unidades.<\/p>\n<p>&#8211; Cadeira Fixa, com encosto em polipropileno injetado na cor preta.<br \/>\n&#8211; Ap\u00f3ia bra\u00e7os em polipropileno.<br \/>\n&#8211; Estrutura Preta<br \/>\n&#8211; Assento com espuma injetada (Espessura 45mm)<br \/>\n&#8211; Revestimento em tecido ou couro ecol\u00f3gico, cor a definir. <\/p>\n<p>&#8211; O prazo de envio do seu pedido fica em <strong>at\u00e9 30 dias corridos<\/strong> ap\u00f3s a confirma\u00e7\u00e3o do pagamento. Pedidos aprovados ap\u00f3s \u00e0s 17:30h, nos finais de semana ou feriados, come\u00e7am a contar o prazo somente no segundo dia \u00fatil subsequente.<br \/>\nMaiores informa\u00e7\u00f5es entre em contato conosco.<br \/>\nInstru\u00e7\u00f5es de limpeza: n\u00e3o utilizar produtos abrasivos, limpar com flanela ou pano \u00famido e sab\u00e3o neutro.<br \/>\n-Produto Nacional.<br \/>\n-Imagens meramente ilustrativas<br \/>\n&#8211; Montagem feita pelo cliente ou entrar em contato por email ou whatsapp para cadeiras montadas.<\/p>\n","protected":false},"excerpt":{"rendered":"<p>A cadeira possui um encosto curvili\u0301neo, projetado para proporcionar apoio a\u0300s costas do usua\u0301rio e garantir suporte lombar conforta\u0301vel. O design foi inspirado na Seque\u0302ncia de Fibonacci, a ordem de crescimento dos elementos na natureza. O modelo \u00e9 empilha\u0301vel, e suporta ate\u0301 cinco unidades. &#8211; Cadeira Fixa, com encosto em polipropileno injetado na cor preta. [&#8230;]\n","protected":false},"featured_media":2154,"template":"","meta":[],"product_cat":[110],"product_tag":[],"_links":{"self":[{"href":"https:\/\/fortflex.com.br\/loja\/wp-json\/wp\/v2\/product\/2153"}],"collection":[{"href":"https:\/\/fortflex.com.br\/loja\/wp-json\/wp\/v2\/product"}],"about":[{"href":"https:\/\/fortflex.com.br\/loja\/wp-json\/wp\/v2\/types\/product"}],"wp:featuredmedia":[{"embeddable":true,"href":"https:\/\/fortflex.com.br\/loja\/wp-json\/wp\/v2\/media\/2154"}],"wp:attachment":[{"href":"https:\/\/fortflex.com.br\/loja\/wp-json\/wp\/v2\/media?parent=2153"}],"wp:term":[{"taxonomy":"product_cat","embeddable":true,"href":"https:\/\/fortflex.com.br\/loja\/wp-json\/wp\/v2\/product_cat?post=2153"},{"taxonomy":"product_tag","embeddable":true,"href":"https:\/\/fortflex.com.br\/loja\/wp-json\/wp\/v2\/product_tag?post=2153"}],"curies":[{"name":"wp","href":"https:\/\/api.w.org\/{rel}","templated":true}]}}

<p>A cadeira possui um encosto curvilíneo, projetado para proporcionar apoio às costas do usuário e garantir suporte lombar confortável. O design foi inspirado na Sequência de Fibonacci, a ordem de crescimento dos elementos na natureza.<br />
O modelo é empilhável, e suporta até cinco unidades.</p>
<p>&#8211; Cadeira Fixa, com encosto em polipropileno injetado na cor preta.<br />
&#8211; Apóia braços em polipropileno.<br />
&#8211; Estrutura Preta<br />
&#8211; Assento com espuma injetada (Espessura 45mm)<br />
&#8211; Revestimento em tecido ou couro ecológico, cor a definir. </p>
<p>&#8211; O prazo de envio do seu pedido fica em <strong>até 30 dias corridos</strong> após a confirmação do pagamento. Pedidos aprovados após às 17:30h, nos finais de semana ou feriados, começam a contar o prazo somente no segundo dia útil subsequente.<br />
Maiores informações entre em contato conosco.<br />
Instruções de limpeza: não utilizar produtos abrasivos, limpar com flanela ou pano úmido e sabão neutro.<br />
-Produto Nacional.<br />
-Imagens meramente ilustrativas<br />
&#8211; Montagem feita pelo cliente ou entrar em contato por email ou whatsapp para cadeiras montadas.</p>

<p>A cadeira possui um encosto curvilíneo, projetado para proporcionar apoio às costas do usuário e garantir suporte lombar confortável. O design foi inspirado na Sequência de Fibonacci, a ordem de crescimento dos elementos na natureza. O modelo é empilhável, e suporta até cinco unidades. &#8211; Cadeira Fixa, com encosto em polipropileno injetado na cor preta. [&#8230;]
