{"id":2160,"date":"2021-02-22T15:00:25","date_gmt":"2021-02-22T18:00:25","guid":{"rendered":"https:\/\/fortflex.com.br\/loja\/?post_type=product&#038;p=2160"},"modified":"2026-04-15T16:12:36","modified_gmt":"2026-04-15T19:12:36","slug":"auditorio-estrut-preta","status":"publish","type":"product","link":"https:\/\/fortflex.com.br\/loja\/produto\/auditorio-estrut-preta\/","title":{"rendered":"Cadeira Audiplax &#8211; Audit\u00f3rio (Estrut. Preta)"},"content":{"rendered":"<p>O modelo Audiplax \u00e9 uma linha criada para acrescentar bem-estar e gerar experi\u00eancias \u00fanicas em audit\u00f3rios e espa\u00e7os de eventos. Os diferenciais come\u00e7am pelo conjunto de assento e encosto, desenhados para oferecer um apoio extremamente aconchegante.<\/p>\n<p>&#8211; Assento e encosto em espuma injetada (dens. 45\/55) tape\u00e7ados, com revestimento em tecido ou couro ecol\u00f3gico, cor a definir.<br \/>\n&#8211; Estrutura: Preto<br \/>\n&#8211; Apoios de bra\u00e7o em polipropileno: Retr\u00e1til<br \/>\n&#8211; Opcionais: Assento com ou sem auto retorno<br \/>\n&#8211; Garantia: 1 ano<\/p>\n<p>&#8211; O prazo de envio do seu pedido fica em <strong>at\u00e9 30 dias corridos<\/strong> ap\u00f3s a confirma\u00e7\u00e3o do pagamento. Pedidos aprovados ap\u00f3s \u00e0s 17:30h, nos finais de semana ou feriados, come\u00e7am a contar o prazo somente no segundo dia \u00fatil subsequente.<br \/>\nMaiores informa\u00e7\u00f5es entre em contato conosco.<br \/>\nInstru\u00e7\u00f5es de limpeza: n\u00e3o utilizar produtos abrasivos, limpar com flanela ou pano \u00famido e sab\u00e3o neutro.<br \/>\n-Produto Nacional.<br \/>\n-Imagens meramente ilustrativas<br \/>\n&#8211; Montagem feita pelo cliente ou entrar em contato por email ou whatsapp para cadeiras montadas.<\/p>\n","protected":false},"excerpt":{"rendered":"<p>O modelo Audiplax \u00e9 uma linha criada para acrescentar bem-estar e gerar experi\u00eancias \u00fanicas em audit\u00f3rios e espa\u00e7os de eventos. Os diferenciais come\u00e7am pelo conjunto de assento e encosto, desenhados para oferecer um apoio extremamente aconchegante. &#8211; Assento e encosto em espuma injetada (dens. 45\/55) tape\u00e7ados, com revestimento em tecido ou couro ecol\u00f3gico, cor a [&#8230;]\n","protected":false},"featured_media":2161,"template":"","meta":[],"product_cat":[110,113],"product_tag":[],"_links":{"self":[{"href":"https:\/\/fortflex.com.br\/loja\/wp-json\/wp\/v2\/product\/2160"}],"collection":[{"href":"https:\/\/fortflex.com.br\/loja\/wp-json\/wp\/v2\/product"}],"about":[{"href":"https:\/\/fortflex.com.br\/loja\/wp-json\/wp\/v2\/types\/product"}],"wp:featuredmedia":[{"embeddable":true,"href":"https:\/\/fortflex.com.br\/loja\/wp-json\/wp\/v2\/media\/2161"}],"wp:attachment":[{"href":"https:\/\/fortflex.com.br\/loja\/wp-json\/wp\/v2\/media?parent=2160"}],"wp:term":[{"taxonomy":"product_cat","embeddable":true,"href":"https:\/\/fortflex.com.br\/loja\/wp-json\/wp\/v2\/product_cat?post=2160"},{"taxonomy":"product_tag","embeddable":true,"href":"https:\/\/fortflex.com.br\/loja\/wp-json\/wp\/v2\/product_tag?post=2160"}],"curies":[{"name":"wp","href":"https:\/\/api.w.org\/{rel}","templated":true}]}}

Cadeira Audiplax &#8211; Auditório (Estrut. Preta)

<p>O modelo Audiplax é uma linha criada para acrescentar bem-estar e gerar experiências únicas em auditórios e espaços de eventos. Os diferenciais começam pelo conjunto de assento e encosto, desenhados para oferecer um apoio extremamente aconchegante.</p>
<p>&#8211; Assento e encosto em espuma injetada (dens. 45/55) tapeçados, com revestimento em tecido ou couro ecológico, cor a definir.<br />
&#8211; Estrutura: Preto<br />
&#8211; Apoios de braço em polipropileno: Retrátil<br />
&#8211; Opcionais: Assento com ou sem auto retorno<br />
&#8211; Garantia: 1 ano</p>
<p>&#8211; O prazo de envio do seu pedido fica em <strong>até 30 dias corridos</strong> após a confirmação do pagamento. Pedidos aprovados após às 17:30h, nos finais de semana ou feriados, começam a contar o prazo somente no segundo dia útil subsequente.<br />
Maiores informações entre em contato conosco.<br />
Instruções de limpeza: não utilizar produtos abrasivos, limpar com flanela ou pano úmido e sabão neutro.<br />
-Produto Nacional.<br />
-Imagens meramente ilustrativas<br />
&#8211; Montagem feita pelo cliente ou entrar em contato por email ou whatsapp para cadeiras montadas.</p>

<p>O modelo Audiplax é uma linha criada para acrescentar bem-estar e gerar experiências únicas em auditórios e espaços de eventos. Os diferenciais começam pelo conjunto de assento e encosto, desenhados para oferecer um apoio extremamente aconchegante. &#8211; Assento e encosto em espuma injetada (dens. 45/55) tapeçados, com revestimento em tecido ou couro ecológico, cor a [&#8230;]
