{"id":2172,"date":"2021-02-22T15:38:29","date_gmt":"2021-02-22T18:38:29","guid":{"rendered":"https:\/\/fortflex.com.br\/loja\/?post_type=product&#038;p=2172"},"modified":"2026-04-15T16:15:59","modified_gmt":"2026-04-15T19:15:59","slug":"audiplax-estrut-preta-com-prancheta-escamoteavel","status":"publish","type":"product","link":"https:\/\/fortflex.com.br\/loja\/produto\/audiplax-estrut-preta-com-prancheta-escamoteavel\/","title":{"rendered":"Audiplax (Estrut. Preta) com prancheta escamote\u00e1vel"},"content":{"rendered":"<p>O modelo Audiplax \u00e9 uma linha criada para acrescentar bem-estar e gerar experi\u00eancias \u00fanicas em audit\u00f3rios e espa\u00e7os de eventos. Os diferenciais come\u00e7am pelo conjunto de assento e encosto, desenhados para oferecer um apoio extremamente aconchegante.<\/p>\n<p>&#8211; Cadeira fixa com rod\u00edzios, e prancheta escamote\u00e1vel<br \/>\n\u2013 Assento e encosto em espuma injetada (dens. 45\/55) tape\u00e7ados, com revestimento em tecido ou couro ecol\u00f3gico, cor a definir.<br \/>\n\u2013 Estrutura: Preto<br \/>\n\u2013 Apoios de bra\u00e7o em polipropileno: Retr\u00e1til<br \/>\n\u2013 Opcionais: Assento com ou sem auto retorno<br \/>\n\u2013 Garantia: 1 ano<br \/>\n* Consulte op\u00e7\u00e3o sem prancheta<br \/>\n&#8211; O prazo de envio do seu pedido fica em <strong>at\u00e9 30 dias corridos<\/strong> ap\u00f3s a confirma\u00e7\u00e3o do pagamento. Pedidos aprovados ap\u00f3s \u00e0s 17:30h, nos finais de semana ou feriados, come\u00e7am a contar o prazo somente no segundo dia \u00fatil subsequente.<br \/>\nMaiores informa\u00e7\u00f5es entre em contato conosco.<br \/>\nInstru\u00e7\u00f5es de limpeza: n\u00e3o utilizar produtos abrasivos, limpar com flanela ou pano \u00famido e sab\u00e3o neutro.<br \/>\n-Produto Nacional.<br \/>\n-Imagens meramente ilustrativas<br \/>\n&#8211; Montagem feita pelo cliente ou entrar em contato por email ou whatsapp para cadeiras montadas.<\/p>\n","protected":false},"excerpt":{"rendered":"<p>O modelo Audiplax \u00e9 uma linha criada para acrescentar bem-estar e gerar experi\u00eancias \u00fanicas em audit\u00f3rios e espa\u00e7os de eventos. Os diferenciais come\u00e7am pelo conjunto de assento e encosto, desenhados para oferecer um apoio extremamente aconchegante. &#8211; Cadeira fixa com rod\u00edzios, e prancheta escamote\u00e1vel \u2013 Assento e encosto em espuma injetada (dens. 45\/55) tape\u00e7ados, com [&#8230;]\n","protected":false},"featured_media":2174,"template":"","meta":[],"product_cat":[112],"product_tag":[],"_links":{"self":[{"href":"https:\/\/fortflex.com.br\/loja\/wp-json\/wp\/v2\/product\/2172"}],"collection":[{"href":"https:\/\/fortflex.com.br\/loja\/wp-json\/wp\/v2\/product"}],"about":[{"href":"https:\/\/fortflex.com.br\/loja\/wp-json\/wp\/v2\/types\/product"}],"wp:featuredmedia":[{"embeddable":true,"href":"https:\/\/fortflex.com.br\/loja\/wp-json\/wp\/v2\/media\/2174"}],"wp:attachment":[{"href":"https:\/\/fortflex.com.br\/loja\/wp-json\/wp\/v2\/media?parent=2172"}],"wp:term":[{"taxonomy":"product_cat","embeddable":true,"href":"https:\/\/fortflex.com.br\/loja\/wp-json\/wp\/v2\/product_cat?post=2172"},{"taxonomy":"product_tag","embeddable":true,"href":"https:\/\/fortflex.com.br\/loja\/wp-json\/wp\/v2\/product_tag?post=2172"}],"curies":[{"name":"wp","href":"https:\/\/api.w.org\/{rel}","templated":true}]}}

Audiplax (Estrut. Preta) com prancheta escamoteável

<p>O modelo Audiplax é uma linha criada para acrescentar bem-estar e gerar experiências únicas em auditórios e espaços de eventos. Os diferenciais começam pelo conjunto de assento e encosto, desenhados para oferecer um apoio extremamente aconchegante.</p>
<p>&#8211; Cadeira fixa com rodízios, e prancheta escamoteável<br />
– Assento e encosto em espuma injetada (dens. 45/55) tapeçados, com revestimento em tecido ou couro ecológico, cor a definir.<br />
– Estrutura: Preto<br />
– Apoios de braço em polipropileno: Retrátil<br />
– Opcionais: Assento com ou sem auto retorno<br />
– Garantia: 1 ano<br />
* Consulte opção sem prancheta<br />
&#8211; O prazo de envio do seu pedido fica em <strong>até 30 dias corridos</strong> após a confirmação do pagamento. Pedidos aprovados após às 17:30h, nos finais de semana ou feriados, começam a contar o prazo somente no segundo dia útil subsequente.<br />
Maiores informações entre em contato conosco.<br />
Instruções de limpeza: não utilizar produtos abrasivos, limpar com flanela ou pano úmido e sabão neutro.<br />
-Produto Nacional.<br />
-Imagens meramente ilustrativas<br />
&#8211; Montagem feita pelo cliente ou entrar em contato por email ou whatsapp para cadeiras montadas.</p>

<p>O modelo Audiplax é uma linha criada para acrescentar bem-estar e gerar experiências únicas em auditórios e espaços de eventos. Os diferenciais começam pelo conjunto de assento e encosto, desenhados para oferecer um apoio extremamente aconchegante. &#8211; Cadeira fixa com rodízios, e prancheta escamoteável – Assento e encosto em espuma injetada (dens. 45/55) tapeçados, com [&#8230;]
