{"id":2496,"date":"2021-06-10T14:21:19","date_gmt":"2021-06-10T17:21:19","guid":{"rendered":"https:\/\/fortflex.com.br\/loja\/?post_type=product&#038;p=2496"},"modified":"2023-08-03T10:37:34","modified_gmt":"2023-08-03T13:37:34","slug":"cadeira-giratoria-mod-3-005-br-lm-base-preta","status":"publish","type":"product","link":"https:\/\/fortflex.com.br\/loja\/produto\/cadeira-giratoria-mod-3-005-br-lm-base-preta\/","title":{"rendered":"Cadeira girat\u00f3ria Mod. 3.005- BR &#8211; LM (Base Preta)"},"content":{"rendered":"<p>\u2013 Assento e Encosto com espuma de poliuretano (Espessura Encosto 40mm\/ Assento 50mm)<br \/>\n&#8211; Encosto fixo com lamina de a\u00e7o<br \/>\n\u2013 Base girat\u00f3ria em a\u00e7o com capa preta<br \/>\n&#8211; Bra\u00e7o regul\u00e1vel em altura<br \/>\n\u2013 Rod\u00edzios em PP<br \/>\n\u2013 Regulagem de altura do assento a g\u00e1s<br \/>\n\u2013 Revestimento em diversas cores<br \/>\nGarantia: 12 meses.<br \/>\n\u2013 Peso m\u00e1ximo suportado: 110kg<\/p>\n<p>&#8211; O prazo de envio do seu pedido fica em <strong>at\u00e9 30 dias corridos<\/strong> ap\u00f3s a confirma\u00e7\u00e3o do pagamento. Pedidos aprovados ap\u00f3s \u00e0s 17:30h, nos finais de semana ou feriados, come\u00e7am a contar o prazo somente no segundo dia \u00fatil subsequente.<br \/>\nMaiores informa\u00e7\u00f5es entre em contato conosco.<br \/>\nInstru\u00e7\u00f5es de limpeza: n\u00e3o utilizar produtos abrasivos, limpar com flanela ou pano \u00famido e sab\u00e3o neutro.<br \/>\n-Produto Nacional.<br \/>\n-Imagens meramente ilustrativas<br \/>\n&#8211; Montagem feita pelo cliente ou entrar em contato por email ou whatsapp para cadeiras montadas.<\/p>\n","protected":false},"excerpt":{"rendered":"<p>\u2013 Assento e Encosto com espuma de poliuretano (Espessura Encosto 40mm\/ Assento 50mm) &#8211; Encosto fixo com lamina de a\u00e7o \u2013 Base girat\u00f3ria em a\u00e7o com capa preta &#8211; Bra\u00e7o regul\u00e1vel em altura \u2013 Rod\u00edzios em PP \u2013 Regulagem de altura do assento a g\u00e1s \u2013 Revestimento em diversas cores Garantia: 12 meses. \u2013 Peso [&#8230;]\n","protected":false},"featured_media":2497,"template":"","meta":[],"product_cat":[109],"product_tag":[],"_links":{"self":[{"href":"https:\/\/fortflex.com.br\/loja\/wp-json\/wp\/v2\/product\/2496"}],"collection":[{"href":"https:\/\/fortflex.com.br\/loja\/wp-json\/wp\/v2\/product"}],"about":[{"href":"https:\/\/fortflex.com.br\/loja\/wp-json\/wp\/v2\/types\/product"}],"wp:featuredmedia":[{"embeddable":true,"href":"https:\/\/fortflex.com.br\/loja\/wp-json\/wp\/v2\/media\/2497"}],"wp:attachment":[{"href":"https:\/\/fortflex.com.br\/loja\/wp-json\/wp\/v2\/media?parent=2496"}],"wp:term":[{"taxonomy":"product_cat","embeddable":true,"href":"https:\/\/fortflex.com.br\/loja\/wp-json\/wp\/v2\/product_cat?post=2496"},{"taxonomy":"product_tag","embeddable":true,"href":"https:\/\/fortflex.com.br\/loja\/wp-json\/wp\/v2\/product_tag?post=2496"}],"curies":[{"name":"wp","href":"https:\/\/api.w.org\/{rel}","templated":true}]}}

Cadeira giratória Mod. 3.005- BR &#8211; LM (Base Preta)

<p>– Assento e Encosto com espuma de poliuretano (Espessura Encosto 40mm/ Assento 50mm)<br />
&#8211; Encosto fixo com lamina de aço<br />
– Base giratória em aço com capa preta<br />
&#8211; Braço regulável em altura<br />
– Rodízios em PP<br />
– Regulagem de altura do assento a gás<br />
– Revestimento em diversas cores<br />
Garantia: 12 meses.<br />
– Peso máximo suportado: 110kg</p>
<p>&#8211; O prazo de envio do seu pedido fica em <strong>até 30 dias corridos</strong> após a confirmação do pagamento. Pedidos aprovados após às 17:30h, nos finais de semana ou feriados, começam a contar o prazo somente no segundo dia útil subsequente.<br />
Maiores informações entre em contato conosco.<br />
Instruções de limpeza: não utilizar produtos abrasivos, limpar com flanela ou pano úmido e sabão neutro.<br />
-Produto Nacional.<br />
-Imagens meramente ilustrativas<br />
&#8211; Montagem feita pelo cliente ou entrar em contato por email ou whatsapp para cadeiras montadas.</p>

<p>– Assento e Encosto com espuma de poliuretano (Espessura Encosto 40mm/ Assento 50mm) &#8211; Encosto fixo com lamina de aço – Base giratória em aço com capa preta &#8211; Braço regulável em altura – Rodízios em PP – Regulagem de altura do assento a gás – Revestimento em diversas cores Garantia: 12 meses. – Peso [&#8230;]
