{"id":8061,"date":"2021-07-05T09:36:53","date_gmt":"2021-07-05T12:36:53","guid":{"rendered":"https:\/\/fortflex.com.br\/loja\/?post_type=product&#038;p=8061"},"modified":"2025-12-01T12:21:52","modified_gmt":"2025-12-01T15:21:52","slug":"style-individual-estrut-preta","status":"publish","type":"product","link":"https:\/\/fortflex.com.br\/loja\/produto\/style-individual-estrut-preta\/","title":{"rendered":"Cadeira Ergoplax (Estrut. Preta)"},"content":{"rendered":"<p>&#8211; Assento e encosto em polipropileno;<br \/>\n\u2013 Sem estofado;<br \/>\n&#8211; Estrutura preta;<br \/>\n&#8211; Sem bra\u00e7os;<br \/>\n&#8211; Diversas op\u00e7\u00f5es de cores;<br \/>\n\u2013 Estrutura: Preta;<br \/>\n\u2013 Garantia: 1 ano<\/p>\n<p>&#8211; O prazo de envio do seu pedido fica em <strong>at\u00e9 30 dias corridos<\/strong> ap\u00f3s a confirma\u00e7\u00e3o do pagamento. Pedidos aprovados ap\u00f3s \u00e0s 17:30h, nos finais de semana ou feriados, come\u00e7am a contar o prazo somente no segundo dia \u00fatil subsequente.<br \/>\nMaiores informa\u00e7\u00f5es entre em contato conosco.<br \/>\nInstru\u00e7\u00f5es de limpeza: n\u00e3o utilizar produtos abrasivos, limpar com flanela ou pano \u00famido e sab\u00e3o neutro.<br \/>\n-Produto Nacional.<br \/>\n-Imagens meramente ilustrativas<br \/>\n&#8211; Montagem feita pelo cliente ou entrar em contato por email ou whatsapp para cadeiras montadas.<\/p>\n","protected":false},"excerpt":{"rendered":"<p>&#8211; Assento e encosto em polipropileno; \u2013 Sem estofado; &#8211; Estrutura preta; &#8211; Sem bra\u00e7os; &#8211; Diversas op\u00e7\u00f5es de cores; \u2013 Estrutura: Preta; \u2013 Garantia: 1 ano &#8211; O prazo de envio do seu pedido fica em at\u00e9 30 dias corridos ap\u00f3s a confirma\u00e7\u00e3o do pagamento. Pedidos aprovados ap\u00f3s \u00e0s 17:30h, nos finais de semana [&#8230;]\n","protected":false},"featured_media":8068,"template":"","meta":[],"product_cat":[112],"product_tag":[],"_links":{"self":[{"href":"https:\/\/fortflex.com.br\/loja\/wp-json\/wp\/v2\/product\/8061"}],"collection":[{"href":"https:\/\/fortflex.com.br\/loja\/wp-json\/wp\/v2\/product"}],"about":[{"href":"https:\/\/fortflex.com.br\/loja\/wp-json\/wp\/v2\/types\/product"}],"wp:featuredmedia":[{"embeddable":true,"href":"https:\/\/fortflex.com.br\/loja\/wp-json\/wp\/v2\/media\/8068"}],"wp:attachment":[{"href":"https:\/\/fortflex.com.br\/loja\/wp-json\/wp\/v2\/media?parent=8061"}],"wp:term":[{"taxonomy":"product_cat","embeddable":true,"href":"https:\/\/fortflex.com.br\/loja\/wp-json\/wp\/v2\/product_cat?post=8061"},{"taxonomy":"product_tag","embeddable":true,"href":"https:\/\/fortflex.com.br\/loja\/wp-json\/wp\/v2\/product_tag?post=8061"}],"curies":[{"name":"wp","href":"https:\/\/api.w.org\/{rel}","templated":true}]}}