{"id":9005,"date":"2023-06-29T17:24:38","date_gmt":"2023-06-29T20:24:38","guid":{"rendered":"https:\/\/fortflex.com.br\/loja\/?post_type=product&#038;p=9005"},"modified":"2026-04-20T10:38:44","modified_gmt":"2026-04-20T13:38:44","slug":"cadeira-giratoria-flash-tela-cinza-back-base-preta","status":"publish","type":"product","link":"https:\/\/fortflex.com.br\/loja\/produto\/cadeira-giratoria-flash-tela-cinza-back-base-preta\/","title":{"rendered":"Cadeira Girat\u00f3ria Flash Tela Cinza (Back\/Base Preta)"},"content":{"rendered":"<p>\u2013 Assento com espuma injetada (dens.D45\/55)<br \/>\n\u2013 Base girat\u00f3ria em a\u00e7o com capa de prote\u00e7\u00e3o preta<br \/>\n\u2013 Mecanismo back<br \/>\n\u2013 Rod\u00edzios anti-risco em PU<br \/>\n\u2013 Sistema de regulagem de altura e inclina\u00e7\u00e3o no encosto<br \/>\n\u2013 Regulagem altura do assento a g\u00e1s<br \/>\n\u2013 Apoio Lombar com regulagem de altura<br \/>\n\u2013 <strong>Assento e encosto cinza<\/strong><br \/>\n\u2013 Bra\u00e7o regul\u00e1vel em altura<br \/>\n\u2013 Cadeira Ergon\u00f4mica conforme a NR17\/NBR13.962<br \/>\nPeso m\u00e1ximo suportado: 120kg<br \/>\nGarantia: 2 anos<\/p>\n<p>\u2013 O prazo de envio do seu pedido fica em at\u00e9 30 dias corridos ap\u00f3s a confirma\u00e7\u00e3o do pagamento. Pedidos aprovados ap\u00f3s \u00e0s 17:30h, nos finais de semana ou feriados, come\u00e7am a contar o prazo somente no segundo dia \u00fatil subsequente.<br \/>\nMaiores informa\u00e7\u00f5es entre em contato conosco.<br \/>\nInstru\u00e7\u00f5es de limpeza: n\u00e3o utilizar produtos abrasivos, limpar com flanela ou pano \u00famido e sab\u00e3o neutro.<br \/>\n-Produto Nacional.<br \/>\n-Imagens meramente ilustrativas<br \/>\n\u2013 Montagem feita pelo cliente ou entrar em contato por email ou whatsapp para cadeiras montadas.<\/p>\n","protected":false},"excerpt":{"rendered":"<p>\u2013 Assento com espuma injetada (dens.D45\/55) \u2013 Base girat\u00f3ria em a\u00e7o com capa de prote\u00e7\u00e3o preta \u2013 Mecanismo back \u2013 Rod\u00edzios anti-risco em PU \u2013 Sistema de regulagem de altura e inclina\u00e7\u00e3o no encosto \u2013 Regulagem altura do assento a g\u00e1s \u2013 Apoio Lombar com regulagem de altura \u2013 Assento e encosto cinza \u2013 Bra\u00e7o [&#8230;]\n","protected":false},"featured_media":9008,"template":"","meta":[],"product_cat":[128,109],"product_tag":[],"_links":{"self":[{"href":"https:\/\/fortflex.com.br\/loja\/wp-json\/wp\/v2\/product\/9005"}],"collection":[{"href":"https:\/\/fortflex.com.br\/loja\/wp-json\/wp\/v2\/product"}],"about":[{"href":"https:\/\/fortflex.com.br\/loja\/wp-json\/wp\/v2\/types\/product"}],"wp:featuredmedia":[{"embeddable":true,"href":"https:\/\/fortflex.com.br\/loja\/wp-json\/wp\/v2\/media\/9008"}],"wp:attachment":[{"href":"https:\/\/fortflex.com.br\/loja\/wp-json\/wp\/v2\/media?parent=9005"}],"wp:term":[{"taxonomy":"product_cat","embeddable":true,"href":"https:\/\/fortflex.com.br\/loja\/wp-json\/wp\/v2\/product_cat?post=9005"},{"taxonomy":"product_tag","embeddable":true,"href":"https:\/\/fortflex.com.br\/loja\/wp-json\/wp\/v2\/product_tag?post=9005"}],"curies":[{"name":"wp","href":"https:\/\/api.w.org\/{rel}","templated":true}]}}

Cadeira Giratória Flash Tela Cinza (Back/Base Preta)

<p>– Assento com espuma injetada (dens.D45/55)<br />
– Base giratória em aço com capa de proteção preta<br />
– Mecanismo back<br />
– Rodízios anti-risco em PU<br />
– Sistema de regulagem de altura e inclinação no encosto<br />
– Regulagem altura do assento a gás<br />
– Apoio Lombar com regulagem de altura<br />
– <strong>Assento e encosto cinza</strong><br />
– Braço regulável em altura<br />
– Cadeira Ergonômica conforme a NR17/NBR13.962<br />
Peso máximo suportado: 120kg<br />
Garantia: 2 anos</p>
<p>– O prazo de envio do seu pedido fica em até 30 dias corridos após a confirmação do pagamento. Pedidos aprovados após às 17:30h, nos finais de semana ou feriados, começam a contar o prazo somente no segundo dia útil subsequente.<br />
Maiores informações entre em contato conosco.<br />
Instruções de limpeza: não utilizar produtos abrasivos, limpar com flanela ou pano úmido e sabão neutro.<br />
-Produto Nacional.<br />
-Imagens meramente ilustrativas<br />
– Montagem feita pelo cliente ou entrar em contato por email ou whatsapp para cadeiras montadas.</p>

<p>– Assento com espuma injetada (dens.D45/55) – Base giratória em aço com capa de proteção preta – Mecanismo back – Rodízios anti-risco em PU – Sistema de regulagem de altura e inclinação no encosto – Regulagem altura do assento a gás – Apoio Lombar com regulagem de altura – Assento e encosto cinza – Braço [&#8230;]
