{"id":9164,"date":"2024-05-15T12:54:58","date_gmt":"2024-05-15T15:54:58","guid":{"rendered":"https:\/\/fortflex.com.br\/loja\/?post_type=product&#038;p=9164"},"modified":"2025-01-30T08:18:44","modified_gmt":"2025-01-30T11:18:44","slug":"cadeira-giratoria-executiva-b-side-tela-back-base-preta","status":"publish","type":"product","link":"https:\/\/fortflex.com.br\/loja\/produto\/cadeira-giratoria-executiva-b-side-tela-back-base-preta\/","title":{"rendered":"Cadeira Girat\u00f3ria Executiva B Side Tela (Back\/Base Preta)"},"content":{"rendered":"<p>\u2013 Assento com espuma injetada (dens.D45\/55)<br \/>\n\u2013 Base girat\u00f3ria em a\u00e7o com capa de prote\u00e7\u00e3o preta (sistema de regulagem de altura e inclina\u00e7\u00e3o no encosto)<br \/>\n\u2013 Mecanismo back<br \/>\n\u2013 Rod\u00edzios<br \/>\n\u2013 Regulagem altura do assento a g\u00e1s<br \/>\n\u2013 Encosto em tela preta<br \/>\n\u2013 Bra\u00e7o regul\u00e1vel em altura<br \/>\n\u2013 Cadeira Ergon\u00f4mica conforme a NR17\/NBR13.962<br \/>\nPeso m\u00e1ximo suportado: 120kg<br \/>\nGarantia: 2 anos<\/p>\n<p>\u2013 O prazo de envio do seu pedido fica em at\u00e9 30 dias corridos ap\u00f3s a confirma\u00e7\u00e3o do pagamento. Pedidos aprovados ap\u00f3s \u00e0s 17:30h, nos finais de semana ou feriados, come\u00e7am a contar o prazo somente no segundo dia \u00fatil subsequente.<br \/>\nMaiores informa\u00e7\u00f5es entre em contato conosco.<br \/>\nInstru\u00e7\u00f5es de limpeza: n\u00e3o utilizar produtos abrasivos, limpar com flanela ou pano \u00famido e sab\u00e3o neutro.<br \/>\n-Produto Nacional.<br \/>\n&#8211; Imagens meramente ilustrativas<br \/>\n\u2013 Montagem feita pelo cliente ou entrar em contato por email ou whatsapp para cadeiras montadas.<\/p>\n","protected":false},"excerpt":{"rendered":"<p>\u2013 Assento com espuma injetada (dens.D45\/55) \u2013 Base girat\u00f3ria em a\u00e7o com capa de prote\u00e7\u00e3o preta (sistema de regulagem de altura e inclina\u00e7\u00e3o no encosto) \u2013 Mecanismo back \u2013 Rod\u00edzios \u2013 Regulagem altura do assento a g\u00e1s \u2013 Encosto em tela preta \u2013 Bra\u00e7o regul\u00e1vel em altura \u2013 Cadeira Ergon\u00f4mica conforme a NR17\/NBR13.962 Peso m\u00e1ximo [&#8230;]\n","protected":false},"featured_media":9169,"template":"","meta":[],"product_cat":[109],"product_tag":[],"_links":{"self":[{"href":"https:\/\/fortflex.com.br\/loja\/wp-json\/wp\/v2\/product\/9164"}],"collection":[{"href":"https:\/\/fortflex.com.br\/loja\/wp-json\/wp\/v2\/product"}],"about":[{"href":"https:\/\/fortflex.com.br\/loja\/wp-json\/wp\/v2\/types\/product"}],"wp:featuredmedia":[{"embeddable":true,"href":"https:\/\/fortflex.com.br\/loja\/wp-json\/wp\/v2\/media\/9169"}],"wp:attachment":[{"href":"https:\/\/fortflex.com.br\/loja\/wp-json\/wp\/v2\/media?parent=9164"}],"wp:term":[{"taxonomy":"product_cat","embeddable":true,"href":"https:\/\/fortflex.com.br\/loja\/wp-json\/wp\/v2\/product_cat?post=9164"},{"taxonomy":"product_tag","embeddable":true,"href":"https:\/\/fortflex.com.br\/loja\/wp-json\/wp\/v2\/product_tag?post=9164"}],"curies":[{"name":"wp","href":"https:\/\/api.w.org\/{rel}","templated":true}]}}

Cadeira Giratória Executiva B Side Tela (Back/Base Preta)

<p>– Assento com espuma injetada (dens.D45/55)<br />
– Base giratória em aço com capa de proteção preta (sistema de regulagem de altura e inclinação no encosto)<br />
– Mecanismo back<br />
– Rodízios<br />
– Regulagem altura do assento a gás<br />
– Encosto em tela preta<br />
– Braço regulável em altura<br />
– Cadeira Ergonômica conforme a NR17/NBR13.962<br />
Peso máximo suportado: 120kg<br />
Garantia: 2 anos</p>
<p>– O prazo de envio do seu pedido fica em até 30 dias corridos após a confirmação do pagamento. Pedidos aprovados após às 17:30h, nos finais de semana ou feriados, começam a contar o prazo somente no segundo dia útil subsequente.<br />
Maiores informações entre em contato conosco.<br />
Instruções de limpeza: não utilizar produtos abrasivos, limpar com flanela ou pano úmido e sabão neutro.<br />
-Produto Nacional.<br />
&#8211; Imagens meramente ilustrativas<br />
– Montagem feita pelo cliente ou entrar em contato por email ou whatsapp para cadeiras montadas.</p>

<p>– Assento com espuma injetada (dens.D45/55) – Base giratória em aço com capa de proteção preta (sistema de regulagem de altura e inclinação no encosto) – Mecanismo back – Rodízios – Regulagem altura do assento a gás – Encosto em tela preta – Braço regulável em altura – Cadeira Ergonômica conforme a NR17/NBR13.962 Peso máximo [&#8230;]
