{"id":9303,"date":"2025-06-18T14:13:10","date_gmt":"2025-06-18T17:13:10","guid":{"rendered":"https:\/\/fortflex.com.br\/loja\/?post_type=product&#038;p=9303"},"modified":"2026-04-22T09:42:17","modified_gmt":"2026-04-22T12:42:17","slug":"cadeira-giratoria-fluidy-relax-base-preta","status":"publish","type":"product","link":"https:\/\/fortflex.com.br\/loja\/produto\/cadeira-giratoria-fluidy-relax-base-preta\/","title":{"rendered":"Cadeira Girat\u00f3ria Fluidy (Relax\/Base Preta)"},"content":{"rendered":"<p>Assento: Espuma injetada de alta densidade (D45\/55).<br \/>\nEncosto: Tela na cor preta.<br \/>\nMecanismo: Sistema Relax com bloqueio em 1 posi\u00e7\u00e3o.<br \/>\nAjustes: Regulagem de altura do assento a g\u00e1s e bra\u00e7os regul\u00e1veis.<br \/>\nCapacidade: Suporta at\u00e9 120kg.<\/p>\n<p>Informa\u00e7\u00f5es Importantes<\/p>\n<p>Prazo de Envio: At\u00e9 30 dias corridos ap\u00f3s a confirma\u00e7\u00e3o do pagamento. Pedidos aprovados ap\u00f3s as 17:30h, em finais de semana ou feriados, t\u00eam o prazo contado a partir do segundo dia \u00fatil subsequente.<br \/>\nContato: Para mais informa\u00e7\u00f5es, entre em contato conosco.<br \/>\nLimpeza: Use flanela ou pano \u00famido e sab\u00e3o neutro. N\u00e3o utilize produtos abrasivos.<br \/>\nOrigem: Produto Nacional.<br \/>\nObserva\u00e7\u00e3o: Imagens meramente ilustrativas.<br \/>\nMontagem: A montagem \u00e9 de responsabilidade do cliente. Para cadeiras montadas, por favor, entre em contato por e-mail ou WhatsApp.<\/p>\n","protected":false},"excerpt":{"rendered":"<p>Assento: Espuma injetada de alta densidade (D45\/55). Encosto: Tela na cor preta. Mecanismo: Sistema Relax com bloqueio em 1 posi\u00e7\u00e3o. Ajustes: Regulagem de altura do assento a g\u00e1s e bra\u00e7os regul\u00e1veis. Capacidade: Suporta at\u00e9 120kg. Informa\u00e7\u00f5es Importantes Prazo de Envio: At\u00e9 30 dias corridos ap\u00f3s a confirma\u00e7\u00e3o do pagamento. Pedidos aprovados ap\u00f3s as 17:30h, em [&#8230;]\n","protected":false},"featured_media":9304,"template":"","meta":[],"product_cat":[109],"product_tag":[],"_links":{"self":[{"href":"https:\/\/fortflex.com.br\/loja\/wp-json\/wp\/v2\/product\/9303"}],"collection":[{"href":"https:\/\/fortflex.com.br\/loja\/wp-json\/wp\/v2\/product"}],"about":[{"href":"https:\/\/fortflex.com.br\/loja\/wp-json\/wp\/v2\/types\/product"}],"wp:featuredmedia":[{"embeddable":true,"href":"https:\/\/fortflex.com.br\/loja\/wp-json\/wp\/v2\/media\/9304"}],"wp:attachment":[{"href":"https:\/\/fortflex.com.br\/loja\/wp-json\/wp\/v2\/media?parent=9303"}],"wp:term":[{"taxonomy":"product_cat","embeddable":true,"href":"https:\/\/fortflex.com.br\/loja\/wp-json\/wp\/v2\/product_cat?post=9303"},{"taxonomy":"product_tag","embeddable":true,"href":"https:\/\/fortflex.com.br\/loja\/wp-json\/wp\/v2\/product_tag?post=9303"}],"curies":[{"name":"wp","href":"https:\/\/api.w.org\/{rel}","templated":true}]}}