{"id":9338,"date":"2025-07-30T16:03:22","date_gmt":"2025-07-30T19:03:22","guid":{"rendered":"https:\/\/fortflex.com.br\/loja\/?post_type=product&#038;p=9338"},"modified":"2026-04-15T13:27:12","modified_gmt":"2026-04-15T16:27:12","slug":"elyze-cadeira-giratoria","status":"publish","type":"product","link":"https:\/\/fortflex.com.br\/loja\/produto\/elyze-cadeira-giratoria\/","title":{"rendered":"Elyze Cadeira Girat\u00f3ria"},"content":{"rendered":"<p>Concha: Bucl\u00ea<br \/>\nAssento Estofado: Bucl\u00ea<br \/>\nMecanismos: Plataforma Diretor (regulagem de altura do assento)<br \/>\nBase: It\u00e1lia (base preta)<br \/>\nRodizio: PU<\/p>\n<p>\u2013 O prazo de envio do seu pedido fica em at\u00e9 30 dias corridos ap\u00f3s a confirma\u00e7\u00e3o do pagamento. Pedidos aprovados ap\u00f3s \u00e0s 17:30h, nos finais de semana ou feriados, come\u00e7am a contar o prazo somente no segundo dia \u00fatil subsequente.<br \/>\nMaiores informa\u00e7\u00f5es entre em contato conosco.<br \/>\nInstru\u00e7\u00f5es de limpeza: n\u00e3o utilizar produtos abrasivos, limpar com flanela ou pano \u00famido e sab\u00e3o neutro.<br \/>\n\u2013 Produto Nacional.<br \/>\n\u2013 Imagens meramente ilustrativas<br \/>\n\u2013 Montagem feita pelo cliente ou entrar em contato por email ou whatsapp para cadeiras montadas.<\/p>\n","protected":false},"excerpt":{"rendered":"<p>Concha: Bucl\u00ea Assento Estofado: Bucl\u00ea Mecanismos: Plataforma Diretor (regulagem de altura do assento) Base: It\u00e1lia (base preta) Rodizio: PU \u2013 O prazo de envio do seu pedido fica em at\u00e9 30 dias corridos ap\u00f3s a confirma\u00e7\u00e3o do pagamento. Pedidos aprovados ap\u00f3s \u00e0s 17:30h, nos finais de semana ou feriados, come\u00e7am a contar o prazo somente [&#8230;]\n","protected":false},"featured_media":9343,"template":"","meta":[],"product_cat":[109,112],"product_tag":[],"_links":{"self":[{"href":"https:\/\/fortflex.com.br\/loja\/wp-json\/wp\/v2\/product\/9338"}],"collection":[{"href":"https:\/\/fortflex.com.br\/loja\/wp-json\/wp\/v2\/product"}],"about":[{"href":"https:\/\/fortflex.com.br\/loja\/wp-json\/wp\/v2\/types\/product"}],"wp:featuredmedia":[{"embeddable":true,"href":"https:\/\/fortflex.com.br\/loja\/wp-json\/wp\/v2\/media\/9343"}],"wp:attachment":[{"href":"https:\/\/fortflex.com.br\/loja\/wp-json\/wp\/v2\/media?parent=9338"}],"wp:term":[{"taxonomy":"product_cat","embeddable":true,"href":"https:\/\/fortflex.com.br\/loja\/wp-json\/wp\/v2\/product_cat?post=9338"},{"taxonomy":"product_tag","embeddable":true,"href":"https:\/\/fortflex.com.br\/loja\/wp-json\/wp\/v2\/product_tag?post=9338"}],"curies":[{"name":"wp","href":"https:\/\/api.w.org\/{rel}","templated":true}]}}

Elyze Cadeira Giratória

<p>Concha: Buclê<br />
Assento Estofado: Buclê<br />
Mecanismos: Plataforma Diretor (regulagem de altura do assento)<br />
Base: Itália (base preta)<br />
Rodizio: PU</p>
<p>– O prazo de envio do seu pedido fica em até 30 dias corridos após a confirmação do pagamento. Pedidos aprovados após às 17:30h, nos finais de semana ou feriados, começam a contar o prazo somente no segundo dia útil subsequente.<br />
Maiores informações entre em contato conosco.<br />
Instruções de limpeza: não utilizar produtos abrasivos, limpar com flanela ou pano úmido e sabão neutro.<br />
– Produto Nacional.<br />
– Imagens meramente ilustrativas<br />
– Montagem feita pelo cliente ou entrar em contato por email ou whatsapp para cadeiras montadas.</p>

<p>Concha: Buclê Assento Estofado: Buclê Mecanismos: Plataforma Diretor (regulagem de altura do assento) Base: Itália (base preta) Rodizio: PU – O prazo de envio do seu pedido fica em até 30 dias corridos após a confirmação do pagamento. Pedidos aprovados após às 17:30h, nos finais de semana ou feriados, começam a contar o prazo somente [&#8230;]
